u) = 72*u + 737. Calculate s(-8).
161
Let k(j) = -j**3 - 96*j**2 + 35316*j + 3441768. What is k(-98)?
8
Let m(i) = -12*i**2 - 460*i + 6925. Give m(15).
-2675
Let w(d) = -12*d**3 - 3073*d**2 - 248*d + 2047. Calculate w(-256).
-1
Let r(t) = -t**2 + 111*t - 4. Calculate r(24).
2084
Let s(q) = -q**3 + 68*q**2 - 1111*q - 1360. Calculate s(33).
92
Let z(l) = 816*l - 31964. What is z(35)?
-3404
Let a(q) = 7133*q + 30349. Calculate a(-4).
1817
Let t(r) = -4*r**2 + 159*r - 1573. Determine t(18).
-7
Let r(s) = 127*s - 2741. What is r(22)?
53
Let b(m) = 305*m - 38887. Calculate b(116).
-3507
Let f(g) = -4*g**2 - 94*g + 622. Give f(8).
-386
Let o(h) = h**3 + 10*h**2 + 26*h + 98. Give o(-10).
-162
Let t(a) = -2*a**2 + 102419*a + 3382010. Give t(-33).
5
Let l(b) = 1656*b + 1061519. Give l(-641).
23
Let a(z) = 38*z**3 - 2396*z**2 + 119*z - 274. Determine a(63).
-715
Let c(q) = -q**3 - 141*q**2 - 2012*q - 1521. Determine c(-125).
-21
Let c(k) = -4*k**3 - 153*k**2 - 33*k + 189. Calculate c(-38).
-1
Let c(x) = 22614*x + 407063. Calculate c(-18).
11
Let m(x) = -x**3 - 83*x**2 - 568*x - 8166. What is m(-77)?
-4
Let v(r) = -r**3 - 310*r**2 - 726*r - 200. What is v(-2)?
20
Let p(r) = -4*r**2 + 121*r + 611. Calculate p(37).
-388
Let g(l) = 3*l**2 + 146*l + 1615. Give g(-41).
672
Let h(u) = 6823*u**2 - 163749*u - 75. Calculate h(24).
-3
Let u(n) = -1101*n - 151853. Determine u(-138).
85
Let p(a) = -2572*a + 1018511. Determine p(396).
-1
Let q(o) = -o**2 - 11113*o + 66733. Calculate q(6).
19
Let t(l) = 107*l - 913. Calculate t(5).
-378
Let z(h) = -h**3 + 135*h**2 - 385*h - 1118. Determine z(132).
334
Let f(k) = 22*k**2 - 54*k + 321. What is f(5)?
601
Let g(s) = 321*s**2 - 7053*s - 186. Determine g(22).
12
Let o(i) = i**3 - 9*i**2 - 958*i + 10211. Determine o(11).
-85
Let n(p) = 3080*p + 49294. What is n(-16)?
14
Let n(d) = -5*d**3 + 258*d**2 + 4196*d + 76. Calculate n(-13).
115
Let j(z) = -167714*z + 4192846. Determine j(25).
-4
Let j(h) = 21*h**2 - 103*h + 171. Calculate j(12).
1959
Let l(j) = 5*j**2 - 124217*j + 496792. Calculate l(4).
4
Let j(f) = -34*f**2 + 1035*f + 511. Determine j(31).
-78
Let q(m) = -17650*m - 17635. Determine q(-1).
15
Let j(l) = -3*l**2 - 616*l - 25731. Determine j(-147).
-6
Let w(f) = 3*f**3 + 35*f**2 - 847*f - 8977. Give w(-10).
-7
Let b(v) = 155*v**3 + 70*v**2 - 64*v - 7. Give b(1).
154
Let u(g) = -118740*g - 7361889. Give u(-62).
-9
Let z(g) = 32622*g - 163097. What is z(5)?
13
Let i(l) = 402*l**2 + 3*l + 871. Give i(0).
871
Let w(j) = -10*j**2 + 3955*j - 389292. Determine w(211).
3
Let j(b) = -3265*b + 19118. Calculate j(6).
-472
Let h(f) = -7*f**2 - 52*f + 8136. Calculate h(-38).
4
Let b(j) = j**2 - 3347*j - 50411. What is b(-15)?
19
Let j(i) = -2*i**2 + 194*i - 658. What is j(4)?
86
Let g(n) = 11638*n - 640092. Give g(55).
-2
Let v(o) = -148965*o - 297930. Determine v(-2).
0
Let l(a) = 51*a**2 - 191*a - 442. Determine l(5).
-122
Let t(c) = 102025*c - 197. Give t(0).
-197
Let m(j) = 4*j**2 - 1615*j - 2766. Determine m(406).
888
Let t(g) = -9*g**2 + 186*g - 2429. Give t(13).
-1532
Let v(s) = 22943*s - 963561. Determine v(42).
45
Let l(b) = 3*b**3 - 23*b**2 - 6*b + 99. Determine l(7).
-41
Let w(x) = 6*x - 1071. Determine w(93).
-513
Let i(c) = -71*c**2 + 8871*c + 556. What is i(125)?
56
Let w(j) = 53*j**2 + 8375*j + 601. Give w(-158).
443
Let d(o) = -67*o - 6209. Give d(-103).
692
Let j(z) = -z**3 - 103*z**2 - 564*z + 762. Calculate j(-7).
6
Let w(b) = 54*b - 158. What is w(2)?
-50
Let i(h) = 214*h - 20138. Give i(94).
-22
Let p(i) = 9215*i**2 - 9220*i + 4. Give p(1).
-1
Let l(t) = -18758*t**2 - 75049*t - 55. Give l(-4).
13
Let y(r) = -2*r**2 - 158*r - 2454. What is y(-55)?
186
Let v(k) = -k**2 + 1719*k + 41746. Give v(-24).
-86
Let o(h) = h**3 - 119*h**2 - 267*h - 9138. Give o(122).
2940
Let o(b) = 605835*b - 4240864. Determine o(7).
-19
Let x(k) = -2*k**2 - 16949*k - 169303. Calculate x(-10).
-13
Let b(a) = 511*a + 18851. What is b(-37)?
-56
Let g(n) = -1946*n + 25264. Give g(13).
-34
Let h(k) = -1100*k + 20667. Calculate h(19).
-233
Let c(g) = 20*g**3 + 2*g**2 - 176*g + 722. Calculate c(4).
1330
Let a(c) = -2915*c - 25003. Give a(-8).
-1683
Let h(y) = y**3 + 69*y**2 - 3107*y + 630. Determine h(31).
413
Let g(i) = 287*i + 171. Calculate g(-2).
-403
Let i(c) = -5*c**3 + 6*c**2 + 260*c + 31. Give i(-9).
1822
Let p(j) = j**3 + 34*j**2 + 66*j - 98. Give p(-26).
3594
Let u(q) = -77*q**3 - 2*q**2 - 49*q - 131. What is u(-3)?
2077
Let a(r) = -r**3 + 20*r**2 - 64*r + 130. What is a(14)?
410
Let l(a) = -4170*a + 50899. What is l(13)?
-3311
Let r(d) = -5961*d + 214591. What is r(36)?
-5
Let a(b) = b**2 - 502*b - 60957. Calculate a(-101).
-54
Let c(r) = -58*r**2 + 408*r - 1246. What is c(3)?
-544
Let h(z) = -13*z**3 - 1234*z**2 - 131*z - 21467. What is h(-95)?
3
Let t(c) = -103*c**3 + 615*c**2 + 22*c - 59. Calculate t(6).
-35
Let t(i) = -10*i**2 + 4933*i + 8409. What is t(495)?
-6
Let z(k) = -22*k**2 + 149*k + 75. What is z(9)?
-366
Let l(q) = 4*q**2 - 743189*q + 1486361. Give l(2).
-1
Let r(o) = 3*o**3 - 32*o**2 - 104*o - 11. What is r(-6)?
-1187
Let w(i) = -89*i**3 - 1975*i**2 + 1658*i + 47. Calculate w(-23).
1
Let b(n) = n**3 + 169*n**2 + 3231*n - 54. Determine b(-22).
12
Let x(j) = 14*j**2 + 4933*j + 11547. Determine x(-350).
-3
Let i(o) = -264444*o - 2115480. Determine i(-8).
72
Let h(w) = 36*w**2 + 2062*w + 641. What is h(-57)?
71
Let l(w) = 261*w**2 + 20624*w + 382. Calculate l(-79).
-13
Let b(h) = 1326*h - 29370. Determine b(26).
5106
Let h(z) = 3258*z + 68410. Calculate h(-21).
-8
Let a(y) = 2*y**3 + 106*y**2 + 83*y - 237. Determine a(-52).
855
Let u(d) = 2*d**2 + 699*d + 14231. Give u(-20).
1051
Let x(u) = 5*u**3 - 4378*u**2 + 60315*u - 52. What is x(14)?
-10
Let r(z) = 182*z**2 - 2175*z - 22. Give r(12).
86
Let y(m) = -5926*m - 29892. Give y(-5).
-262
Let y(p) = -4*p**2 + 1541*p + 980. What is y(386)?
-178
Let f(t) = t**3 + 142*t**2 + 2334*t - 361. Give f(-123).
8
Let x(i) = -560*i**2 - 643979*i + 24150. Calculate x(-1150).
0
Let y(t) = 7*t**3 - 4*t**2 + 50*t - 109. Determine y(0).
-109
Let u(d) = d**3 - 17*d**2 - 12*d + 4. Give u(0).
4
Let s(t) = 4*t**2 - 455*t + 4888. Calculate s(12).
4
Let o(j) = 5767*j - 98043. Determine o(17).
-4
Let q(v) = 117913*v - 1650774. What is q(14)?
8
Let t(b) = b**3 + 254*b**2 + 5138*b + 743. Determine t(-22).
-5
Let x(v) = -86*v - 2225. Calculate x(-25).
-75
Let b(c) = c**3 + 8*c**2 + 70*c + 1131. What is b(-11)?
-2
Let r(z) = -59*z**2 + 1364*z + 1364. Give r(-1).
-59
Let a(q) = -161*q**2 + 1515*q - 1512. Determine a(1).
-158
Let r(i) = -2*i**2 - 135*i - 165. What is r(-69)?
-372
Let x(z) = -z**2 + 28*z + 1174. Calculate x(55).
-311
Let t(z) = -z**2 + 68638*z - 6169315. Calculate t(90).
5
Let i(l) = -342*l - 37713. What is i(-112)?
591
Let m(n) = 48*n + 11535. What is m(-228)?
591
Let h(b) = -108429*b - 4879309. Determine h(-45).
-4
Let h(j) = j**3 + 39*j**2 - 61*j - 657. Determine h(-41).
-1518
Let k(l) = 15*l**2 + 1868*l + 1858. Determine k(-1).
5
Let l(n) = 2*n**2 + 166*n - 183215. Give l(264).
1
Let x(d) = d**3 + 219*d**2 - 2767*d + 865. Determine x(-231).
-290
Let w(a) = -2*a**2 - 1661*a - 1091. Calculate w(0).
-1091
Let i(s) = 168*s**2 + 20171*s + 1319. Give i(-120).
-1
Let j(b) = -2*b**2 + 113*b + 15112. Determine j(-63).
55
Let z(d) = 2*d**3 - 1236*d**2 - 79*d + 48815. Calculate z(618).
-7
Let a(o) = -o**2 + 5936*o + 77313. Give a(-13).
-24
Let w(g) = g**3 - 100*g**2 - 42*g + 14345. What is w(99)?
386
Let z(h) = 9*h**2 - 2548*h - 28824. Determine z(294).
-12
Let f(x) = 188*x**2 - 5453*x + 87. Calculate f(29).
58
Let b(g) = -g**3 - 15*g**2 + 804*g - 5143. Determine b(-39).
5
Let m(d) = -18878*d + 95066. Give m(5).
676
Let g(c) = c**2 + 144*c + 3759. Give g(-106).
-269
Let n(x) = 10*x**3 - 2*x**2 + 115*x - 657. Determine n(5).
1118
Let v(p) = 117*p**2 + 46449*p + 39. Determine v(-397).
39
Let w(d) = 4543*d - 35157. Give w(8).
1187
Let a(f) = -230117*f + 3451731. Determine a(15).
-24
Let q(j) = -51*j**2 - 85*j - 29. What is q(-4)?
-505
Let l(r) = r**3 - 57*r**2 + 191*r - 3578. Give l(55).
877
Let q(t) = 2*t**3 + 28*t**2 - 687*t - 9970. What is q(-16)?
-2
Let k(d) = 3533*d + 900927. Give k(-255).
12
Let m(z) = -202*z - 11468. Calculate m(-63).
1258
Let p(u) = 4808*u**3 + 10*u - 1. What is p(1)?
